t derivative of -g + 1/6*g**3 + 1/2*g**2 + 3. Let m(z) be the first derivative of l(z). Calculate m(-4).
-3
Let s(f) = -3*f - 7. Let k be (6/(-2))/((-3)/(-6)). Determine s(k).
11
Suppose -1 = 2*i - 3. Let p(l) = -3*l**2 - l + 1. Calculate p(i).
-3
Let v be -3 + (3 - (-2 - -2)). Let g(r) = -r + 1. Let p(u) = -4*u - 7. Let n(h) = h + 2. Let y(k) = 7*n(k) + 2*p(k). Let c(s) = -4*g(s) + 3*y(s). Give c(v).
-4
Suppose 0*h + 2 = h. Let k = h - -1. Let c(u) be the first derivative of u**4/4 - 2*u**3/3 - u + 4. Calculate c(k).
8
Let p(m) = -m**2 - 7*m + 1. Suppose -y = -2*y - n - 2, 0 = 3*y - 5*n + 38. Determine p(y).
7
Let r(x) be the second derivative of x**3/6 - 83*x + 2. Suppose 4*w = w - 18. Let v be w*-2*2/4. Give r(v).
6
Let v(x) = x**2 - 2*x - 1. Suppose 2*l = -4*f + 8, -8 = l - 3*l - 2*f. Let p(o) = o**2 - 3*o - 5. Let j be p(l). Calculate v(j).
2
Let c(l) be the third derivative of -l**6/60 + l**5/30 + l**4/24 - l**3/6 + 21*l**2. Determine c(2).
-7
Let g = -1 - -2. Suppose -g = l - 2. Suppose -u - 1 = l. Let c(r) = r**3 + r**2 - 4*r - 3. What is c(u)?
1
Let g = 132 + -136. Let s(f) be the first derivative of f**4/4 + f**3 - 3*f**2 - 2*f - 2. Give s(g).
6
Let u(a) = a**3 + 4*a**2 + a. Let z(h) = -h**3 - 4*h**2 - h + 1. Let o = -12 - -7. Let j(b) = o*u(b) - 4*z(b). Determine j(-4).
0
Let a(m) be the second derivative of -m**4/12 - m**3/6 - m**2/2 + m. Determine a(-2).
-3
Suppose 5*r = -38 + 3. Let f(i) = -i**3 - 7*i**2 - 2. Determine f(r).
-2
Let p(u) = 2*u**2 - 8*u - 3. Let m(i) = -3*i - 1 - i**2 - 3*i**2 - i + 5*i**2. Let v(f) = 5*m(f) - 2*p(f). Calculate v(2).
-3
Let j = -15 + 16. Let q(n) = -4*n**2 + 1. Determine q(j).
-3
Let c = -5 - 2. Let l = 6 + c. Let q be ((-1)/(-2))/(l/8). Let s(p) = -p**3 - 4*p**2 + 2*p + 6. What is s(q)?
-2
Let d(f) = f - 5. Let u be (1/2)/((-9)/(-594)). Let m = -2 + u. Suppose -4*k = -3*y - m, 2*k - y - y - 18 = 0. Give d(k).
-1
Let v(t) be the third derivative of -t**5/60 - t**4/8 + 4*t**3/3 - 17*t**2. Calculate v(-6).
-10
Suppose 4*b + 2*g = b - 2, -5*g = b + 18. Suppose -m = -b*m. Let k(y) = y - 2. Calculate k(m).
-2
Let q(k) = -k**2. Let g(a) = 12*a**2. Let r(c) = c**3 + 3*c**2 - 4*c + 1. Let f be r(-4). Let i = f - 0. Let n(x) = i*g(x) + 10*q(x). Determine n(1).
2
Let t(j) = 9*j - 4. Let o(p) = 19*p - 7. Let v(u) = 3*o(u) - 5*t(u). Determine v(1).
11
Let b(l) be the second derivative of -l + 0 - 1/6*l**4 + 1/2*l**2 + 1/6*l**3. Give b(2).
-5
Let a(g) = -2*g + 5. Suppose -4*v = -0*z - 2*z - 8, -3*v = -5*z + 1. Suppose -l = -2*u - 0*u + 3, -2*l + 18 = z*u. Give a(u).
-3
Let c(f) = f**3 + 6*f**2 + 2*f + 7. Suppose 7*w + 17 + 25 = 0. Calculate c(w).
-5
Let z(l) = -l + 10 + 0*l + 0*l. Determine z(6).
4
Let h be ((-5)/(10/4))/(-1). Let x(i) be the first derivative of 1/3*i**3 - 2 + 3*i - 3/2*i**2. Calculate x(h).
1
Let h(d) = -d**2 + 4. Let j = -6 - -9. What is h(j)?
-5
Suppose 0 = -0*l + 3*l - 6. Let w(g) be the third derivative of 0 + g**2 + 0*g - 1/6*g**4 + 1/6*g**3. Determine w(l).
-7
Let b(p) be the third derivative of -p**6/120 + p**5/20 - p**4/8 + p**3/6 - p**2. Let r = -8 + 4. Let a(n) = -2*n - 6. Let o be a(r). What is b(o)?
-1
Let g(q) = -q**3 - 4*q + 0*q - 95 + 3*q + 121. Calculate g(0).
26
Let q(c) be the third derivative of 1/20*c**5 + 0*c**4 + 8*c**2 + 0 + 0*c + 0*c**3. What is q(2)?
12
Let b(s) be the first derivative of s**3/3 + 2*s**2 - 5*s - 4. Let l = -8 + 4. Give b(l).
-5
Let h(g) be the second derivative of g**2/2 - g. Let r(c) = -c + 1. Let l(j) = -2*h(j) + r(j). What is l(-5)?
4
Let s(r) = -r**2 + 8*r - 3. Let w be s(8). Let u be (w/(-9))/(2/12). Let j(n) = 2*n - 3 - 6*n**2 + n**u + n**3 + 0*n**2. Calculate j(5).
7
Let c(p) = 4*p + p**3 + p + 0 - 2 - p + 6*p**2. Calculate c(-5).
3
Let p(q) = q + 3. Let o be p(0). Suppose a + 5*n + 21 = 0, 7*a - 2*a + n = 15. Let i(c) = o*c**2 + 3*c + 3 - 7*c - a*c**2. What is i(-4)?
3
Let z(u) = -u**2 - u - 1. Let d(k) = 8*k**3 + 6*k**2 + 7*k + 6. Let y(n) = -d(n) - 5*z(n). Calculate y(-1).
8
Suppose 6*z = -7 + 1. Let i(j) = -10*j**3 - 2*j - 1. Determine i(z).
11
Let v be 2*((-10)/(-4) + -2). Let h(a) = 8*a**2 - a + 1. What is h(v)?
8
Let a(o) be the third derivative of 7/24*o**4 - 1/2*o**3 + 1/120*o**6 + 0 + 2*o**2 + 2/15*o**5 + 0*o. What is a(-7)?
-3
Suppose -b + 0*o - 1 = o, 5*o = 3*b - 29. Let i(s) be the second derivative of -2*s + 0 - 1/6*s**b - 7/2*s**2. What is i(-6)?
-1
Let c(i) = i**2 - i + 3. Suppose -2*u = -2*l - 3*l + 126, -2*l = -3*u - 57. Let k be 0/2 - l/(-4). Suppose -g = -k*g. Calculate c(g).
3
Let a(g) be the second derivative of 0 + 5/6*g**3 - 3*g**2 + 3*g - 1/20*g**5 + 1/4*g**4. Determine a(4).
-2
Let u(x) = -x**3 - 3*x**2 + 5*x + 3. Suppose -6 + 18 = -j. Let w be (-1)/(9/j + 1). Give u(w).
-1
Suppose a - 6 = -2*x, -5*a = -0*x + x - 12. Suppose -a = -3*c + b, 3 + 7 = -c + 3*b. Let r(w) = -w - 2. Calculate r(c).
-4
Let w(t) = -t - 2*t - 4*t**2 + 0*t**3 - 1 - t**3. Suppose 2*i + 15 = -5*u, -i - 4*u - 25 + 10 = 0. Suppose -i*a = -c - 8 + 24, -2 = -a - 5*c. What is w(a)?
-1
Let q(o) = o - 5. Let y = -24 + 28. What is q(y)?
-1
Let c(i) = -2*i + 6. Let u be c(6). Let d(f) be the third derivative of f**4/24 + f**3 + 3*f**2. Determine d(u).
0
Let i = -20 - -24. Let p be 10/i*(3 + -5). Let o(z) = z + 10. Determine o(p).
5
Let o(d) = 4*d + 2 - 3*d + d - 1. Give o(2).
5
Let q(f) = f. Let k(w) = -w**2 + 9*w - 1. Let m(n) = k(n) - 5*q(n). Determine m(4).
-1
Let i(a) = a**2 - a - 1. Let l(h) = -7*h**2 + 10*h + 7. Let n(g) = 5*i(g) + l(g). Suppose -4*w - y + 13 = 0, -w + 3*y - 5*y = 2. What is n(w)?
-10
Let h(v) = -2*v**3 - 3*v**2 - 7*v + 3. Let g(a) = 4*a**3 + 4*a**2 + 10*a - 4. Let k(w) = 5*g(w) + 7*h(w). Determine k(-1).
-7
Let z = 15 - 11. Let i(o) = 3*o + z + 0*o - o - 5*o. What is i(3)?
-5
Let g(n) = n**2 - 3. Let q(k) = -k**3 - 2*k**2 + 4*k + 3. Let s be q(-3). Calculate g(s).
-3
Let x(t) = -t**3 + 12*t**2 - 11*t - 6. Suppose -3*q + 16 = -17. Let r be x(q). Let g(u) = -u**3 - 6*u**2 - 2*u - 3. Determine g(r).
9
Let b(m) = -14*m - 1. Let z be (0 + -1)*(1 + 0). Determine b(z).
13
Let o(v) = -v**3 + v - 1. Let u(p) = -5*p**3 + 2*p**2 + 4*p - 9. Let x(z) = -6*o(z) + u(z). Calculate x(-3).
-6
Let b(v) = 4*v - 4 - 4 + v**2 + 0 - 10*v. Determine b(6).
-8
Let a(m) = -m**3 + 3*m**2 + m - 2. Let y = -8 + 13. Let g(v) = 2*v**3 - 2*v**2 - v + 1. Let w be g(2). Suppose -y*t + w + 8 = 0. Calculate a(t).
1
Let f(m) = -2*m - 1. Let p(a) = -a**2 + 9*a + 8. Let n be p(10). Let s(x) = 3*x - 4*x**2 + 2 - 4*x + 2*x**2. Let v be s(n). Give f(v).
7
Suppose -2*b - 5*q + 1 = 0, -4*b = 5*q - 4 - 3. Let s(y) = -3*y + 4*y + b - 3*y. Suppose -15 = -5*w - 5. Give s(w).
-1
Suppose 5*x + 1 + 14 = -5*p, 0 = -4*p - 3*x - 14. Let i(d) = -d**2 - 6*d - 5. Give i(p).
0
Let g(j) = j**2 - 10*j + 10. Let f(a) = -2*a**2 - 30*a + 7. Let n be f(-15). Calculate g(n).
-11
Let o(g) = g**3 + 7*g**2 - 19*g - 8. Let z be o(-9). Let r(t) = 5*t + 1. Calculate r(z).
6
Let f(l) = -2*l**2 + l**3 - 3*l**2 + 2*l**2 - 2*l. Let g(j) = -j**3 - 10*j**2 + 12*j + 13. Let d be g(-11). Suppose 5*p - d = 8. Give f(p).
-8
Let a = -12 - -12. Let h(n) = n - n**3 + 5*n**2 + 0*n**2 + n**2 + a*n**3. What is h(6)?
6
Let y = 15 - 15. Let a(d) be the third derivative of 2/3*d**3 - 1/60*d**5 - 1/6*d**4 + 0*d + y + 3*d**2. What is a(-4)?
4
Let x(j) be the first derivative of j**3/3 + 3*j**2 - 5*j - 1. Suppose 6*a + 57 - 21 = 0. Give x(a).
-5
Let m = 53/330 - -1/165. Let r(l) be the second derivative of -l**2 + 0 - m*l**3 + l. Determine r(-4).
2
Let d(u) be the second derivative of u**5/20 - u**4/2 + 5*u**3/6 - u**2 - 6*u. What is d(4)?
-14
Let u(r) = 16*r - 1. Suppose l + 8 = -5*g + 2*g, 12 = -4*g. Determine u(l).
15
Let o(i) = -6*i**2 - 1. Let a(q) = 4*q**2 + 9*q + 4. Let l be a(-2). What is o(l)?
-25
Let j(g) = -g**3 + g**2 + 4*g. Suppose 0*a + 24 = 4*a. Let o = a - 4. Let h = o + 1. Calculate j(h).
-6
Let z(p) = 2*p + 3. Let y be z(3). Suppose 2*q = -q - y. Let f(i) = 88 + 2*i**3 - 92 - 3*i**3 - 2*i**2. Give f(q).
5
Let o(b) = -b**3 - 6*b**2 + 8*b + 10. Let n be o(-7). Let h(z) = -3*z - 3*z + n*z + z**2 - 2. Determine h(5).
8
Let f(x) = 7*x. Let m(v) = -v**2 - 4*v + 5. Let d be m(-4). Let p = d - 4. Determine f(p).
7
Let u(k) be the second derivative of -9*k**5/20 - k**4/12 + k**3/3 - k**2/2 - 4*k. Let f be (0/2)/(